{"id":1259,"date":"2020-03-20T18:16:27","date_gmt":"2020-03-20T17:16:27","guid":{"rendered":"https:\/\/www.halifax-consulting.com\/en\/?page_id=1259"},"modified":"2026-02-10T16:56:10","modified_gmt":"2026-02-10T15:56:10","slug":"accueil","status":"publish","type":"page","link":"https:\/\/www.halifax-consulting.com\/splat\/","title":{"rendered":"Home"},"content":{"rendered":" \n<section class=\"slider\">\n\t\n\t<div class=\"swiper-container slider__container\">\n\n\t\t<div class=\"swiper-wrapper slider__container--wrapper\">\n\n\t\t\t\t\t\t\t\n\t\t\t\t<div class=\"swiper-slide slider__slide\">\n\t\t\t\t\t\n\t\t\t\t\t<div class=\"slider__slide--content\">\n\t\t\t\t\t\t\n\t\t\t\t\t\t<div class=\"scontent__title\">Los clientes Halifax testifican<\/div>\n\t\t\t\t\t\t\n\t\t\t\t\t\t\t\t\t\t\t\t\t<p>\n\t\t\t\t\t\t\t\t<a data-fancybox href=\"https:\/\/youtu.be\/_Z_hNf0QxTw\" class=\"btn-hx btn-hx-orange\">Ver el v\u00eddeo<\/a>\n\t\t\t\t\t\t\t<\/p>\n\t\t\t\t\t\t\t\t\t\t\t\t\n\t\t\t\t\t<\/div>\n\t\t\t\t\t\n\t\t\t\t\t<figure class=\"slider__slide--image\">\n\t\t\n\t\t\t\t\t\t\t<div class=\"slider__image--overlay\"><\/div>\n\t\t\t\t\t\t\n\t\t\t\t\t\t\t<img decoding=\"async\" loading=\"lazy\" src=\"https:\/\/www.halifax-consulting.com\/splat\/wp-content\/uploads\/sites\/5\/2023\/04\/a-carrousel-accueil3jpg.jpg\" alt=\"\" width=\"100%\" height=\"\" >\t\t\t\t\t<\/figure>\n\t\t\t\t\t\n\t\t\t\t<\/div>\n\t\t\t\n\t\t\t\t\t\t\t\n\t\t\t\t<div class=\"swiper-slide slider__slide\">\n\t\t\t\t\t\n\t\t\t\t\t<div class=\"slider__slide--content\">\n\t\t\t\t\t\t\n\t\t\t\t\t\t<div class=\"scontent__title\">Halifax Consulting est\u00e1 desde 2021 en la Sales Training and Enablement Companies Watchlist de Training Industry &#8211; EE.UU.<\/div>\n\t\t\t\t\t\t\n\t\t\t\t\t\t\t\t\t\t\t\t\t<p>\n\t\t\t\t\t\t\t\t<a  href=\"https:\/\/trainingindustry.com\/top-training-companies\/sales\/2023-top-sales-training-and-enablement-companies\/\" class=\"btn-hx btn-hx-orange\">Leer m\u00e1s<\/a>\n\t\t\t\t\t\t\t<\/p>\n\t\t\t\t\t\t\t\t\t\t\t\t\n\t\t\t\t\t<\/div>\n\t\t\t\t\t\n\t\t\t\t\t<figure class=\"slider__slide--image\">\n\t\t\n\t\t\t\t\t\t\t<div class=\"slider__image--overlay\"><\/div>\n\t\t\t\t\t\t\n\t\t\t\t\t\t\t<img decoding=\"async\" loading=\"lazy\" src=\"https:\/\/www.halifax-consulting.com\/splat\/wp-content\/uploads\/sites\/5\/2026\/02\/Bandeaux-Signatures-Sigilium-2000-x-720-px-7.jpg\" alt=\"\" width=\"100%\" height=\"\" >\t\t\t\t\t<\/figure>\n\t\t\t\t\t\n\t\t\t\t<\/div>\n\t\t\t\n\t\t\t\t\t\t\t\t\t\t\t<\/div>\n\t\t<!-- If we need pagination -->\n\t\t<div class=\"swiper-pagination\"><\/div>\n\t\n\t\n\t\t<!-- If we need scrollbar -->\n\t\t<div class=\"swiper-scrollbar\"><\/div>\n\t\t\n\t<\/div>\n<\/section>\n\n\n\n<div class=\"container\">\n\t<div class=\"row\">\n\t\t<div class=\"col-lg-12 col-md-12 col-sm-12\">\n\t\t\t<h2 class=\"intro\">\n\t\t\t\t<strong class=\"intro-h2 d-block\">Halifax Consulting, empresa especializada en ventas B2B internacionales y formaci\u00f3n de directivos<\/strong>\n\t\t\t\t<p>Halifax Consulting est&aacute; reconocida en Francia como un &#8220;must&#8221; en consultor&iacute;a y formaci&oacute;n en ventas (galardonada como mejor empresa de formaci&oacute;n en ventas de Francia desde 2016 por la revista D&eacute;cideurs) por la calidad de sus clientes y los resultados obtenidos.<\/p>\n<p>Halifax Consulting tambi&eacute;n forma parte de la &#8220;Watch List 40 of the Top Sales Training Companies&#8221; de Training Industry (EE.UU.) desde 2021.<\/p>\n<p>Fundada en 2003, Halifax Consulting ofrece a sus clientes un servicio &uacute;nico y vanguardista de formaci&oacute;n en rendimiento de ventas, que incluye una Academia de Ventas online con m&aacute;s de 150 m&oacute;dulos de aprendizaje digital en 14 idiomas y soluciones &uacute;nicas de refuerzo, capacitaci&oacute;n en ventas y formaci&oacute;n con inteligencia artificial.<\/p>\n<p>Halifax Consulting tambi&eacute;n tiene una s&oacute;lida reputaci&oacute;n acad&eacute;mica en la profesi&oacute;n de ventas y se ha asociado con las mejores escuelas de negocios europeas para ofrecer cursos de licenciatura. Por ejemplo, el Msc Business Development &amp; Key Accounts de Neoma Business School ocupa el primer puesto en su categor&iacute;a en Francia entre los mejores Master MS y MBA desde 2022 en el ranking Eduniversal.<\/p>\n<p>Halifax Consulting tambi&eacute;n est&aacute; a la vanguardia de la investigaci&oacute;n, los estudios y las publicaciones sobre Ventas B2B y pilota el Club de Gesti&oacute;n de Cuentas Clave de Par&iacute;s, con unas cincuenta empresas miembros, y el evento AfriKAM de Casablanca.<\/p>\n<p>Halifax Consulting est&aacute; presente en todo el mundo en los idiomas locales.<\/p>\n<p>Centramos nuestras misiones de formaci&oacute;n y consultor&iacute;a en 3 &aacute;reas<\/p>\n<p><strong>rendimiento de las ventas &#8211; gesti&oacute;n de las ventas &#8211; relaciones con los clientes.<\/strong><\/p>\t\t\t<\/h2>\n\t\t<\/div>\n\t<\/div>\n<\/div>\n\n\n<section class=\"my-0 metiers\">\n\t<div class=\"container-fluid\">\n\t\t<div class=\"row\">\n\t\t\t<div class=\"col-lg-4 col-md-4 col-sm-12 metier\">\n\t\t\t\t<h3>Consultor\u00eda<\/h3>\n\t\t\t\t<h4>Halifax Consulting proporciona consultor\u00eda de transformaci\u00f3n y ejecuci\u00f3n empresarial a nivel internacional.<\/h4>\n\t\t\t\t\t\t\t\t<p><a href=\"https:\/\/www.halifax-consulting.com\/splat\/https:\/\/www.halifax-consulting.com\/splat\/consultoria\/\" title=\"\" class=\"more\">Leer m\u00e1s<\/a><\/p>\t\n\t\t\t\t\t\t\t<\/div>\n\t\t\t<div class=\"col-lg-4 col-md-4 col-sm-12 metier\">\n\t\t\t\t<h3>Formaci\u00f3n<\/h3>\n\t\t\t\t<h4>Halifax Consulting puede ayudarte a desarrollar tus habilidades de venta B2B, gesti\u00f3n, gesti\u00f3n de cuentas clave y negociaci\u00f3n a trav\u00e9s de diversos cursos de formaci\u00f3n.<\/h4>\n\t\t\t\t\t\t\t\t<p><a href=\"https:\/\/www.halifax-consulting.com\/splat\/https:\/\/www.halifax-consulting.com\/splat\/formacion\/\" title=\"\" class=\"more\">Leer m\u00e1s<\/a><\/p>\n\t\t\t\t\t\t\t<\/div>\n\t\t\t<div class=\"col-lg-4 col-md-4 col-sm-12 metier\">\n\t\t\t\t<h3>Digital Learning<\/h3>\n\t\t\t\t<h4>El aprendizaje digital multiplica por diez la experiencia de aprendizaje y puede ofrecer a todos una experiencia de aprendizaje \u00fanica a trav\u00e9s de un conjunto de herramientas digitales para reforzar los conocimientos<\/h4>\n\t\t\t\t\t\t\t\t<p><a href=\"https:\/\/www.halifax-consulting.com\/splat\/https:\/\/www.halifax-consulting.com\/splat\/digital-learning\/\" title=\"\" class=\"more\">Leer m\u00e1s<\/a><\/p>\n\t\t\t\t\t\t\t<\/div>\n\t\t<\/div>\n\t<\/div>\n<\/section>\n\n<section class=\"navy vousetes\">\n\t<div class=\"container-fluid\">\n\t\t<div class=\"row\">\n\t\t\t<div class=\"col-lg-4 col-md-4 col-sm-12 padding\">\n\t\t\t\t<div class=\"vousetes__title\">\n\t\t\t\t\t<div class=\"vousetes__title--main\">\u00bfEs una empresa?<\/div>\n\t\t\t\t\t<div class=\"vousetes__title--sub\"><\/div>\n\t\t\t\t<\/div>\n\t\t\t\t\n\t\t\t\t\n\t\t\t\t<p>\n\t\t\t\t\tSi quiere establecer un programa espec\u00edfico para sus equipos, ponle en contacto con nosotros para hablarlo con nuestros asesores.\t\t\t\t<\/p>\n\t\t\t\t<p>\n\t\t\t\t\t<a href=\"https:\/\/forms.zohopublic.com\/andernagroup\/form\/latamcontact\/formperma\/r3B8xqOZp-6Yu8rYInpOobKbuXm7rLYh6hpDTVNxWK0\" class=\"btn btn-hx btn-hx-orange\" title=\"P\u00f3ngase en contacto con nosotros\">P\u00f3ngase en contacto con nosotros<\/a>\n\t\t\t\t<\/p>\n\t\t\t<\/div>\n\t\t\t<div class=\"col-lg-4 col-md-4 col-sm-12 no-padding\">\n\t\t\t\t\t\t\t\t<figure>\n\t\t\t\t\t<img decoding=\"async\" src=\"https:\/\/www.halifax-consulting.com\/splat\/wp-content\/themes\/halifax\/library\/img\/halifax-consulting-formation3.jpg\" alt=\"Les formations\" \/>\n\t\t\t\t<\/figure>\n\t\t\t\t\t\t\t<\/div>\n\t\t\t<div class=\"col-lg-4 col-md-4 col-sm-12 padding\">\n\t\t\t\t\n\t\t\t\t<div class=\"vousetes__title\">\n\t\t\t\t\t<div class=\"vousetes__title--main\">\u00bfEs un individuo?<\/div>\n\t\t\t\t\t<div class=\"vousetes__title--sub\"><\/div>\n\t\t\t\t<\/div>\n\t\t\t\t\n\t\t\t\n\t\t\t\t<p>\n\t\t\t\t\tDescubra nuestros cursos de formaci\u00f3n disponibles en la Eshop.\t\t\t\t<\/p>\n\t\t\t\t<p>\n\t\t\t\t\t<a href=\"https:\/\/shop.halifax-consulting.com\/en\/\" class=\"btn btn-hx btn-hx-orange\" title=\"Descubra nuestros cursos de formaci\u00f3n individual\">Descubra nuestros cursos de formaci\u00f3n individual<\/a>\n\t\t\t\t<\/p>\n\t\t\t<\/div>\n\t\t<\/div>\n\t<\/div>\n<\/section>\n\n<section class=\"light py-6 conseil\">\n\t\t<div class=\"container\">\n\t\t\t<div class=\"row\">\n\t\t\t\t<div class=\"col-lg-12 col-md-12 col-sm-12\">\n\t\t\t\t\t<h3 class=\"conseil__titre\">El M\u00e9todo Halifax Consulting<\/h3>\n\t\t\t\t<\/div>\n\t\t\t<\/div>\n\t\t\t\n\t\t\t<div class=\"row\">\n\t\t\t\t<div class=\"col-lg-12 col-md-12 col-sm-12\">\n\t\t\t\t\t\t\t\t\t<\/div>\n\t\t\t<\/div>\n\t\t\t\n\t\t\t<div class=\"row\">\n\t\t\t\t<div class=\"col-lg-3 col-md-3 col-sm-12 text-center\">\n\t\t\t\t\t<h4 class=\"conseil__method\">Asesorar<\/h4>\n\t\t\t\t\t<p class=\"text-center\"><img decoding=\"async\" src=\"https:\/\/www.halifax-consulting.com\/splat\/wp-content\/themes\/halifax\/library\/img\/halifax-picto-1-conseiller.png\" alt=\"halifax-consulting-conseiller\" width=\"130\" \/><\/p>\n\t\t\t\t\t<p class=\"text-center\">Transformaci\u00f3n de las ventas\nGesti\u00f3n del cambio<\/p>\n\t\t\t\t<\/div>\n\t\t\t\t<div class=\"col-lg-3 col-md-3 col-sm-12 text-center\">\n\t\t\t\t\t<h4 class=\"conseil__method\">Evaluar<\/h4>\n\t\t\t\t\t<p class=\"text-center\"><img decoding=\"async\" src=\"https:\/\/www.halifax-consulting.com\/splat\/wp-content\/themes\/halifax\/library\/img\/halifax-picto-2-evaluer.png\" alt=\"halifax-consulting-conseiller\" width=\"130\" \/><\/p>\n\t\t\t\t\t<p class=\"text-center\">Evaluaci\u00f3n del talento y de las competencias en ventas y gesti\u00f3n<\/p>\n\t\t\t\t<\/div>\n\t\t\t\t<div class=\"col-lg-3 col-md-3 col-sm-12 text-center\">\n\t\t\t\t\t<h4 class=\"conseil__method\">Formar<\/h4>\n\t\t\t\t\t<p class=\"text-center\"><img decoding=\"async\" src=\"https:\/\/www.halifax-consulting.com\/splat\/wp-content\/themes\/halifax\/library\/img\/halifax-picto-3-implementer.png\" alt=\"halifax-consulting-conseiller\" width=\"130\" \/><\/p>\n\t\t\t\t\t<p class=\"text-center\">Creaci\u00f3n de cursos en grupo o individuales <\/p>\n\t\t\t\t<\/div>\n\t\t\t\t<div class=\"col-lg-3 col-md-3 col-sm-12 text-center\">\n\t\t\t\t\t<h4 class=\"conseil__method\">Roll out<\/h4>\n\t\t\t\t\t<p class=\"text-center\"><img decoding=\"async\" src=\"https:\/\/www.halifax-consulting.com\/splat\/wp-content\/themes\/halifax\/library\/img\/halifax-picto-4-former.png\" alt=\"halifax-consulting-conseiller\" width=\"130\" \/><\/p>\n\t\t\t\t\t<p class=\"text-center\">Coaching de mejoras del rendimiento de ventas<\/p>\n\t\t\t\t<\/div>\n\t\t\t<\/div>\n\t\t<\/div>\n\t<\/section>\n\n\n<section class=\"blanc py-6 bloclogos\">\t\n\t<div class=\"container\">\n\t\t\t\t<div class=\"row\">\n\t\t\t\t\t\t\t\t\t\t\t\t\t\t\t\t\t\t\t\n\t\t\t\t<div class=\"col-lg-3 col-md-3 col-sm-12\">\t\t\t\n\t\t\t\t\t<a href=\"https:\/\/www.halifax-consulting.com\/splat\/\" title=\"Abbott\">\n\t\t\t\t\t\t<img decoding=\"async\" loading=\"lazy\" src=\"https:\/\/www.halifax-consulting.com\/splat\/wp-content\/uploads\/sites\/5\/2022\/06\/halifax-consulting-kunden-abbott.png\" width=\"100%\" alt=\"Logo Abbott\">\n\t\t\t\t\t<\/a>\n\t\t\t\t<\/div>\n\t\t\t\t\n\t\t\t\t\t\t\t\t\n\t\t\t\t\t\t\t\t\t\t\t\t\t\t\t\t\t\t\t\n\t\t\t\t<div class=\"col-lg-3 col-md-3 col-sm-12\">\t\t\t\n\t\t\t\t\t<a href=\"https:\/\/www.halifax-consulting.com\/splat\/\" title=\"La Poste\">\n\t\t\t\t\t\t<img decoding=\"async\" loading=\"lazy\" src=\"https:\/\/www.halifax-consulting.com\/splat\/wp-content\/uploads\/sites\/5\/2022\/08\/halifax-consulting-clients-banque-postale.png\" width=\"100%\" alt=\"Logo La Poste\">\n\t\t\t\t\t<\/a>\n\t\t\t\t<\/div>\n\t\t\t\t\n\t\t\t\t\t\t\t\t\n\t\t\t\t\t\t\t\t\t\t\t\t\t\t\t\t\t\t\t\n\t\t\t\t<div class=\"col-lg-3 col-md-3 col-sm-12\">\t\t\t\n\t\t\t\t\t<a href=\"https:\/\/www.halifax-consulting.com\/splat\/\" title=\"Total Energies\">\n\t\t\t\t\t\t<img decoding=\"async\" loading=\"lazy\" src=\"https:\/\/www.halifax-consulting.com\/splat\/wp-content\/uploads\/sites\/5\/2022\/08\/halifax-consulting-clients-total-energies.png\" width=\"100%\" alt=\"Logo Total Energies\">\n\t\t\t\t\t<\/a>\n\t\t\t\t<\/div>\n\t\t\t\t\n\t\t\t\t\t\t\t\t\n\t\t\t\t\t\t\t\t\t\t\t\t\t\t\t\t\t\t\t\n\t\t\t\t<div class=\"col-lg-3 col-md-3 col-sm-12\">\t\t\t\n\t\t\t\t\t<a href=\"https:\/\/www.halifax-consulting.com\/splat\/\" title=\"Air Liquide\">\n\t\t\t\t\t\t<img decoding=\"async\" loading=\"lazy\" src=\"https:\/\/www.halifax-consulting.com\/splat\/wp-content\/uploads\/sites\/5\/2022\/08\/halifax-consulting-clients-air-liquide.png\" width=\"100%\" alt=\"Logo Air Liquide\">\n\t\t\t\t\t<\/a>\n\t\t\t\t<\/div>\n\t\t\t\t\n\t\t\t\t\t\t\t\t\n\t\t\t\t\t\t\t\t\t\t\t\t\t\t\t\t\t\t\t\n\t\t\t\t<div class=\"col-lg-3 col-md-3 col-sm-12\">\t\t\t\n\t\t\t\t\t<a href=\"https:\/\/www.halifax-consulting.com\/splat\/historias-exito\/renault-nissan-mitsubishi\/\" title=\"Renault Nissan Mitsubishi\">\n\t\t\t\t\t\t<img decoding=\"async\" loading=\"lazy\" src=\"https:\/\/www.halifax-consulting.com\/splat\/wp-content\/uploads\/sites\/5\/2023\/04\/halifax-consulting-clients-rnm.png\" width=\"100%\" alt=\"Logo Renault Nissan Mitsubishi\">\n\t\t\t\t\t<\/a>\n\t\t\t\t<\/div>\n\t\t\t\t\n\t\t\t\t\t\t\t\t\n\t\t\t\t\t\t\t\t\t\t\t\t\t\t\t\t\t\t\t\n\t\t\t\t<div class=\"col-lg-3 col-md-3 col-sm-12\">\t\t\t\n\t\t\t\t\t<a href=\"https:\/\/www.halifax-consulting.com\/splat\/\" title=\"Nexans\">\n\t\t\t\t\t\t<img decoding=\"async\" loading=\"lazy\" src=\"https:\/\/www.halifax-consulting.com\/splat\/wp-content\/uploads\/sites\/5\/2022\/06\/halifax-consulting-kunden-nexans-min.png\" width=\"100%\" alt=\"Logo Nexans\">\n\t\t\t\t\t<\/a>\n\t\t\t\t<\/div>\n\t\t\t\t\n\t\t\t\t\t\t\t\t\n\t\t\t\t\t\t\t\t\t\t\t\t\t\t\t\t\t\t\t\n\t\t\t\t<div class=\"col-lg-3 col-md-3 col-sm-12\">\t\t\t\n\t\t\t\t\t<a href=\"https:\/\/www.halifax-consulting.com\/splat\/historias-exito\/allianz\/\" title=\"Allianz\">\n\t\t\t\t\t\t<img decoding=\"async\" loading=\"lazy\" src=\"https:\/\/www.halifax-consulting.com\/splat\/wp-content\/uploads\/sites\/5\/2022\/08\/halifax-consulting-clients-allianz.png\" width=\"100%\" alt=\"Logo Allianz\">\n\t\t\t\t\t<\/a>\n\t\t\t\t<\/div>\n\t\t\t\t\n\t\t\t\t\t\t\t\t\n\t\t\t\t\t\t\t\t\t\t\t\t\t\t\t\t\t\t\t\n\t\t\t\t<div class=\"col-lg-3 col-md-3 col-sm-12\">\t\t\t\n\t\t\t\t\t<a href=\"https:\/\/www.halifax-consulting.com\/splat\/\" title=\"Deloitte\">\n\t\t\t\t\t\t<img decoding=\"async\" loading=\"lazy\" src=\"https:\/\/www.halifax-consulting.com\/splat\/wp-content\/uploads\/sites\/5\/2022\/08\/halifax-consulting-clients-deloitte.png\" width=\"100%\" alt=\"Logo Deloitte\">\n\t\t\t\t\t<\/a>\n\t\t\t\t<\/div>\n\t\t\t\t\n\t\t\t\t\t\t\t\t\n\t\t\t\t\t<\/div>\n\t\t\t\t<div class=\"row pt-4\">\n\t\t\t<div class=\"col-lg-12 col-md-12 col-sm-12\">\n\t\t\t\t\n\t\t\t\t<p class=\"text-center\">\n\t\t\t\t\t\n\t\t\t\t\t<a class=\"btn btn-hx btn-hx-ducky\" href=\"historias-exito\">Ver las otras historias de \u00e9xito<\/a>\n\t\t\t\t\t\n\t\t\t\t<\/p>\n\t\t\t\t\n\t\t\t<\/div>\n\t\t<\/div>\n\t\t\t<\/div>\n<\/section>\n\n","protected":false},"excerpt":{"rendered":"","protected":false},"author":1,"featured_media":0,"parent":0,"menu_order":0,"comment_status":"closed","ping_status":"closed","template":"page-accueil.php","meta":[],"categories":[],"acf":[],"yoast_head":"<!-- This site is optimized with the Yoast SEO plugin v19.9 - https:\/\/yoast.com\/wordpress\/plugins\/seo\/ -->\n<title>Halifax Consulting<\/title>\n<meta name=\"description\" content=\"Le ayude a desarrollar sus competencias en ventas, gesti\u00f3n y t\u00e9cnicas de negociaci\u00f3n gracias a las herramientas de aprendizaje digitaluese\" \/>\n<link rel=\"canonical\" href=\"https:\/\/www.halifax-consulting.com\/splat\/\" \/>\n<meta property=\"og:locale\" content=\"es_ES\" \/>\n<meta property=\"og:type\" content=\"article\" \/>\n<meta property=\"og:title\" content=\"Halifax Consulting\" \/>\n<meta property=\"og:description\" content=\"Le ayude a desarrollar sus competencias en ventas, gesti\u00f3n y t\u00e9cnicas de negociaci\u00f3n gracias a las herramientas de aprendizaje digitaluese\" \/>\n<meta property=\"og:url\" content=\"https:\/\/www.halifax-consulting.com\/splat\/\" \/>\n<meta property=\"og:site_name\" content=\"Halifax Consulting \u2013 LATAM\" \/>\n<meta property=\"article:modified_time\" content=\"2026-02-10T15:56:10+00:00\" \/>\n<meta name=\"twitter:card\" content=\"summary_large_image\" \/>\n<script type=\"application\/ld+json\" class=\"yoast-schema-graph\">{\"@context\":\"https:\/\/schema.org\",\"@graph\":[{\"@type\":\"WebPage\",\"@id\":\"https:\/\/www.halifax-consulting.com\/splat\/\",\"url\":\"https:\/\/www.halifax-consulting.com\/splat\/\",\"name\":\"Halifax Consulting\",\"isPartOf\":{\"@id\":\"https:\/\/www.halifax-consulting.com\/splat\/#website\"},\"datePublished\":\"2020-03-20T17:16:27+00:00\",\"dateModified\":\"2026-02-10T15:56:10+00:00\",\"description\":\"Le ayude a desarrollar sus competencias en ventas, gesti\u00f3n y t\u00e9cnicas de negociaci\u00f3n gracias a las herramientas de aprendizaje digitaluese\",\"breadcrumb\":{\"@id\":\"https:\/\/www.halifax-consulting.com\/splat\/#breadcrumb\"},\"inLanguage\":\"es-AR\",\"potentialAction\":[{\"@type\":\"ReadAction\",\"target\":[\"https:\/\/www.halifax-consulting.com\/splat\/\"]}]},{\"@type\":\"BreadcrumbList\",\"@id\":\"https:\/\/www.halifax-consulting.com\/splat\/#breadcrumb\",\"itemListElement\":[{\"@type\":\"ListItem\",\"position\":1,\"name\":\"Accueil\",\"item\":\"https:\/\/www.halifax-consulting.com\/splat\/\"},{\"@type\":\"ListItem\",\"position\":2,\"name\":\"Home\"}]},{\"@type\":\"WebSite\",\"@id\":\"https:\/\/www.halifax-consulting.com\/splat\/#website\",\"url\":\"https:\/\/www.halifax-consulting.com\/splat\/\",\"name\":\"Halifax Consulting \u2013 LATAM\",\"description\":\"Halifax Consulting est un cabinet de conseil en performance commerciale sp\u00e9cialis\u00e9 dans la formation des \u00e9quipes et managers\",\"potentialAction\":[{\"@type\":\"SearchAction\",\"target\":{\"@type\":\"EntryPoint\",\"urlTemplate\":\"https:\/\/www.halifax-consulting.com\/splat\/?s={search_term_string}\"},\"query-input\":\"required name=search_term_string\"}],\"inLanguage\":\"es-AR\"}]}<\/script>\n<!-- \/ Yoast SEO plugin. -->","yoast_head_json":{"title":"Halifax Consulting","description":"Le ayude a desarrollar sus competencias en ventas, gesti\u00f3n y t\u00e9cnicas de negociaci\u00f3n gracias a las herramientas de aprendizaje digitaluese","canonical":"https:\/\/www.halifax-consulting.com\/splat\/","og_locale":"es_ES","og_type":"article","og_title":"Halifax Consulting","og_description":"Le ayude a desarrollar sus competencias en ventas, gesti\u00f3n y t\u00e9cnicas de negociaci\u00f3n gracias a las herramientas de aprendizaje digitaluese","og_url":"https:\/\/www.halifax-consulting.com\/splat\/","og_site_name":"Halifax Consulting \u2013 LATAM","article_modified_time":"2026-02-10T15:56:10+00:00","twitter_card":"summary_large_image","schema":{"@context":"https:\/\/schema.org","@graph":[{"@type":"WebPage","@id":"https:\/\/www.halifax-consulting.com\/splat\/","url":"https:\/\/www.halifax-consulting.com\/splat\/","name":"Halifax Consulting","isPartOf":{"@id":"https:\/\/www.halifax-consulting.com\/splat\/#website"},"datePublished":"2020-03-20T17:16:27+00:00","dateModified":"2026-02-10T15:56:10+00:00","description":"Le ayude a desarrollar sus competencias en ventas, gesti\u00f3n y t\u00e9cnicas de negociaci\u00f3n gracias a las herramientas de aprendizaje digitaluese","breadcrumb":{"@id":"https:\/\/www.halifax-consulting.com\/splat\/#breadcrumb"},"inLanguage":"es-AR","potentialAction":[{"@type":"ReadAction","target":["https:\/\/www.halifax-consulting.com\/splat\/"]}]},{"@type":"BreadcrumbList","@id":"https:\/\/www.halifax-consulting.com\/splat\/#breadcrumb","itemListElement":[{"@type":"ListItem","position":1,"name":"Accueil","item":"https:\/\/www.halifax-consulting.com\/splat\/"},{"@type":"ListItem","position":2,"name":"Home"}]},{"@type":"WebSite","@id":"https:\/\/www.halifax-consulting.com\/splat\/#website","url":"https:\/\/www.halifax-consulting.com\/splat\/","name":"Halifax Consulting \u2013 LATAM","description":"Halifax Consulting est un cabinet de conseil en performance commerciale sp\u00e9cialis\u00e9 dans la formation des \u00e9quipes et managers","potentialAction":[{"@type":"SearchAction","target":{"@type":"EntryPoint","urlTemplate":"https:\/\/www.halifax-consulting.com\/splat\/?s={search_term_string}"},"query-input":"required name=search_term_string"}],"inLanguage":"es-AR"}]}},"_links":{"self":[{"href":"https:\/\/www.halifax-consulting.com\/splat\/wp-json\/wp\/v2\/pages\/1259"}],"collection":[{"href":"https:\/\/www.halifax-consulting.com\/splat\/wp-json\/wp\/v2\/pages"}],"about":[{"href":"https:\/\/www.halifax-consulting.com\/splat\/wp-json\/wp\/v2\/types\/page"}],"author":[{"embeddable":true,"href":"https:\/\/www.halifax-consulting.com\/splat\/wp-json\/wp\/v2\/users\/1"}],"replies":[{"embeddable":true,"href":"https:\/\/www.halifax-consulting.com\/splat\/wp-json\/wp\/v2\/comments?post=1259"}],"version-history":[{"count":49,"href":"https:\/\/www.halifax-consulting.com\/splat\/wp-json\/wp\/v2\/pages\/1259\/revisions"}],"predecessor-version":[{"id":5135,"href":"https:\/\/www.halifax-consulting.com\/splat\/wp-json\/wp\/v2\/pages\/1259\/revisions\/5135"}],"wp:attachment":[{"href":"https:\/\/www.halifax-consulting.com\/splat\/wp-json\/wp\/v2\/media?parent=1259"}],"wp:term":[{"taxonomy":"category","embeddable":true,"href":"https:\/\/www.halifax-consulting.com\/splat\/wp-json\/wp\/v2\/categories?post=1259"}],"curies":[{"name":"wp","href":"https:\/\/api.w.org\/{rel}","templated":true}]}}