{"id":183,"date":"2019-12-30T17:55:19","date_gmt":"2019-12-30T16:55:19","guid":{"rendered":"https:\/\/www.halifax-consulting.com\/?page_id=183"},"modified":"2025-05-21T11:35:09","modified_gmt":"2025-05-21T09:35:09","slug":"optimizacion-rendimiento-ventas","status":"publish","type":"page","link":"https:\/\/www.halifax-consulting.com\/splat\/consultoria\/optimizacion-rendimiento-ventas\/","title":{"rendered":"Consultor\u00eda de organizaci\u00f3n comercial e IA en ventas"},"content":{"rendered":"<div class=\"container\">\n\t<div class=\"row\">\n\t\t<div class=\"col-lg-12 col-md-12 col-sm-12\">\n\t\t\t<h2 class=\"intro\">\n\t\t\t\t<strong class=\"intro-h2 d-block\">Ejecute con eficacia antes de entrenar y administrar<\/strong>\n\t\t\t\t<p>La ejecuci&oacute;n de las ventas est&aacute; en el centro de las preocupaciones de nuestros clientes. Los temas son numerosos y pueden abarcar :<\/p>\n<ul>\n<li>la integraci&oacute;n de la IA en los procesos de venta<\/li>\n<li>la estructuraci&oacute;n de la organizaci&oacute;n de ventas,<\/li>\n<li>el perfil de las personas por mercado\/segmento,<\/li>\n<li>sus competencias asociadas VS su funci&oacute;n comercial,<\/li>\n<li>las ventas, la gesti&oacute;n de cuentas clave y los procesos de gesti&oacute;n de ventas,<\/li>\n<li>las herramientas a su disposici&oacute;n m&aacute;s all&aacute; del CRM, la explosi&oacute;n de aplicaciones de &#8220;software de aceleraci&oacute;n de ventas&#8221;&#8230;<\/li>\n<\/ul>\n<p>Y ahora hay una nueva dimensi&oacute;n crucial: la transformaci&oacute;n digital a trav&eacute;s de la inteligencia artificial. Nuestros consultores, con su amplia experiencia operativa, le apoyar&aacute;n de forma estructurada, sencilla y concreta, no solo en su transformaci&oacute;n de ventas, sino tambi&eacute;n en la integraci&oacute;n y optimizaci&oacute;n de herramientas de IA espec&iacute;ficas para sus necesidades empresariales.<\/p>\n<ul>\n<li>Diagn&oacute;stico 360&deg; de su organizaci&oacute;n de ventas desde la perspectiva de la IA,<\/li>\n<li>habilidades de venta en equipo (prospecci&oacute;n, venta sedentaria, venta de soluciones, negociaci&oacute;n, gesti&oacute;n de ventas, etc.),<\/li>\n<li>rutinas y procesos de gesti&oacute;n de ventas, procesos de venta (prospecci&oacute;n, desarrollo&#8230;),<\/li>\n<li>herramientas de apoyo a la venta a su disposici&oacute;n (digitales o no), etc.<\/li>\n<li>identificaci&oacute;n e implantaci&oacute;n de herramientas de IA adaptadas a sus necesidades espec&iacute;ficas,<\/li>\n<li>formaci&oacute;n y entrenamiento de sus equipos en estas nuevas tecnolog&iacute;as,<\/li>\n<li>medici&oacute;n y optimizaci&oacute;n de la eficacia de las ventas a trav&eacute;s de la IA.<\/li>\n<\/ul>\t\t\t<\/h2>\n\t\t<\/div>\n\t<\/div>\n<\/div>\n\n\n<section class=\"navy p-6 essentiels\">\t\n\t\n\t<div class=\"container\">\n\t\t\n\t\t<div class=\"row\">\n\t\t\t\n\t\t\t<div class=\"col-lg-7 col-md-7 col-sm-12\">\n\t\t\t\t\n\t\t\t\t\t\t\t\t\t<h3>Los objetivos<\/h3>\n\t\t\t\t\t<p>Ayudar a su empresa a transformar su funci&oacute;n de ventas con IA<\/p>\t\t\t\t\t\t\t\t\n\t\t\t\t\t\t\t\t\t<h3>Las ventajas<\/h3>\n\t\t\t\t\t<ul>\n<li>Expertos en IA para ayudarle<\/li>\n<li>Soporte de ventas experimentado<\/li>\n<\/ul>\t\t\t\t\t\t\t\t\n\t\t\t\t\t\t\t\t\t<h3>\u00bfPor qu\u00e9 Halifax?<\/h3>\n\t\t\t\t\t<p>Llevamos m&aacute;s de 20 a&ntilde;os especializados en consultor&iacute;a de ventas e integraci&oacute;n de herramientas digitales y de IA.<\/p>\t\t\t\t\t\t\t<\/div>\n\t\t\t\n\t\t\t<div class=\"col-lg-1 col-md-1 col-sm-12\">\t\t\t\n\t\t\t<\/div>\n\t\t\t\n\t\t\t<div class=\"col-lg-4 col-md-4 col-sm-12\">\n\t\t\t\n\t\t\t\t<!-- Notation CPF -->\n\t\t\t\t\n\t\t\t\t\n\t\t\t\t<!-- Bouton VOIR LE PROGRAMME -->\n\t\t\t\t\n\t\t\t\t<p class=\"mt-4\">\n\t\t\t\t\t\n\t\t\t\t\t\t\t\t\t\t<!-- true = ouverture lien externe -->\n\t\t\t\t\t<a class=\"btn btn-hx btn-hx-orange d-block\" href=\"https:\/\/forms.zohopublic.com\/andernagroup\/form\/latamcontact\/formperma\/r3B8xqOZp-6Yu8rYInpOobKbuXm7rLYh6hpDTVNxWK0\" title=\"Cont\u00e1ctenos\" target=\"_blank\">Cont\u00e1ctenos<\/a>\n\t\t\t\t\t\n\t\t\t\t\t\t\t\t\t\t\n\t\t\t\t<\/p>\n\t\t\t<\/div>\n\t\t<\/div>\n\t<\/div>\n<\/section>\n\n<!-- MODALE -->\n\n<div class=\"modal fade\" id=\"programme\" tabindex=\"-1\" role=\"dialog\" aria-labelledby=\"programme\" aria-hidden=\"true\">\n\t\n\t<div class=\"modal-dialog modal-dialog-centered modal-lg modal-dialog-scrollable\" role=\"document\">\n    \t\n    \t<div class=\"modal-content\">\n\t\t\t\n\t\t\t<div class=\"modal-header\">\n\t\t\t\t\n\t\t\t\t<h5 class=\"modal-title\" id=\"prog\"><\/h5>\n\t\t\t\t\n\t\t\t\t<button type=\"button\" class=\"close\" data-dismiss=\"modal\" aria-label=\"Close\" title=\"\">\n\t\t\t\t\t<span aria-hidden=\"true\">&times;<\/span>\n\t\t\t\t<\/button>\n\t\t\t\t\n    \t\t<\/div>\n\t\t\t\n\t\t\t<div class=\"modal-body\">\n\t\t\t\t\n\t\t\t\t<div class=\"row\">\n\t\t\t\t\n\t\t\t\t\t<div class=\"col-lg-12 col-md-9 col-sm-12\">\n\t\t\t\t\t\t\n\t\t\t\t\t\t<div class=\"accordion accordion-programme\" id=\"prog\">\n\t\t\t\t\n\t\t\t\t\t\t\t\t\t\t\t\t\t\t\t\n\t\t\t\t\t\t\t\t\t\t\t\t\n\t\t\t\t\t\t\t\t<div class=\"card\">\n\t\t\t\t\t\n\t\t\t\t\t\t\t\t\t<div class=\"card-header\" id=\"heading1\">\n\t\t\t\t\t\t\n\t\t\t\t\t\t\t\t\t\t<button class=\"btn btn-link btn-block\" type=\"button\" data-toggle=\"collapse\" data-target=\"#collapse1\" aria-expanded=\"false\" aria-controls=\"collapse1\">\n\t\t\t\t\t\t\t\t\t\t\t\t\t\t\t\t\t\t\t\t\t\t\n\t\t\t\t\t\t\t\t\t\t<\/button>\n\t\t\n\t\t\t\t\t\t\t\t\t<\/div><!-- .card-header -->\n\t\t\t\t\t\n\t\t\t\t\t\t\t\t\t<div id=\"collapse1\" class=\"collapse\" aria-labelledby=\"heading1\" data-parent=\"#prog\">\n\t\t\t\t\t\t\t\t\t\t\n\t\t\t\t\t\t\t\t\t\t<div class=\"card-body\">\n\t\t\t\t\t\t\t\t\t\t\t\t\t\t\t\t\t\t\t\t\t<\/div><!-- .card-body -->\n\t\t\t\t\t\t\t\t\t\t\n\t\t\t\t\t\t\t\t\t<\/div><!-- .collapseID -->\n\t\t\t\t\t\t\t\t<\/div>\n\t\t\t\t\t\t\n\t\t\t\t\t\t\t\t\t\t\t\t\t\t\t\t\t\t\t\t\n\t\t\t\t\t\t<\/div>\n\t\t\t\t\t<\/div>\n\t\t\t\t<\/div>\n    \t\t<\/div>\n    \t<\/div>\n\t<\/div>\n<\/div>\n\n\n\n\n<section class=\"light block-benefits-4 py-6\">\n\t<div class=\"container\">\n\t\t<div class=\"row\">\n\t\t\t<div class=\"col-lg-12 col-md-12 col-sm-12\">\n\t\t\t\t<h2 class=\"text-center\">\n\t\t\t\t\tGARANTIZAR RESULTADOS\t\t\t\t\t<span class=\"h2-subtitle\"><\/span>\n\t\t\t\t\t\n\t\t\t\t\t\n\t\t\t\t<\/h2>\n\t\t\t<\/div>\n\t\t<\/div>\n\t\t<div class=\"row\">\n\t\t\t\t\n\t\t\t\t\t\n\t\t\t\t\t<div class=\"col-lg-6 col-md-6 col-sm-12 mb-4\">\n\t\t\t\t\t\t<div class=\"row\">\n\t\t\t\t\t\t\t<div class=\"col-lg-2 col-sm-3 col-sm-12\">\n\t\t\t\t\t\t\t\t<img decoding=\"async\" class=\"fadeIn\" src=\"https:\/\/www.halifax-consulting.com\/splat\/wp-content\/themes\/halifax\/library\/img\/halifax-consulting-benefits-icon.svg\" alt=\"icone benefices\" width=\"100%\" \/>\n\t\t\t\t\t\t\t<\/div>\n\t\t\t\t\t\t\t<div class=\"col-lg-10 col-sm-9 col-sm-12 fadeIn\">\n\t\t\t\t\t\t\t\t<h3 class=\"benef-title\">100% operativo<\/h3>\n\t\t\t\t\t\t\t\t<p class=\"benef-content\">Nuestros consultores son ex ejecutivos de ventas con una vasta experiencia en terreno y mucho conocimiento pr\u00e1ctico para compartir. Nuestras soluciones son simples y efectivas.<br>\n\t\t\t\t\t\t\t\t\t\t\t\t\t\t\t\t\t<\/p>\n\t\t\t\t\t\t\t<\/div>\n\t\t\t\t\t\t<\/div>\n\t\t\t\t\t<\/div>\n\t\t\t\t\t\n\t\t\t\t\t\t\n\t\t\t\t\t\n\t\t\t\t\t<div class=\"col-lg-6 col-md-6 col-sm-12 mb-4\">\n\t\t\t\t\t\t<div class=\"row\">\n\t\t\t\t\t\t\t<div class=\"col-lg-2 col-sm-3 col-sm-12\">\n\t\t\t\t\t\t\t\t<img decoding=\"async\" class=\"fadeIn\" src=\"https:\/\/www.halifax-consulting.com\/splat\/wp-content\/themes\/halifax\/library\/img\/halifax-consulting-benefits-icon.svg\" alt=\"icone benefices\" width=\"100%\" \/>\n\t\t\t\t\t\t\t<\/div>\n\t\t\t\t\t\t\t<div class=\"col-lg-10 col-sm-9 col-sm-12 fadeIn\">\n\t\t\t\t\t\t\t\t<h3 class=\"benef-title\">El mismo equipo, de comienzo a fin<\/h3>\n\t\t\t\t\t\t\t\t<p class=\"benef-content\">Un \u00fanico equipo trabajar\u00e1 con usted, tanto en la creaci\u00f3n inicial, como en el desarrollo de habilidades y tambi\u00e9n brindando soporte en la implementaci\u00f3n de soluciones relevantes.<br>\n\t\t\t\t\t\t\t\t\t\t\t\t\t\t\t\t\t<\/p>\n\t\t\t\t\t\t\t<\/div>\n\t\t\t\t\t\t<\/div>\n\t\t\t\t\t<\/div>\n\t\t\t\t\t\n\t\t\t\t\t\t\n\t\t\t\t\t\n\t\t\t\t\t<div class=\"col-lg-6 col-md-6 col-sm-12 mb-4\">\n\t\t\t\t\t\t<div class=\"row\">\n\t\t\t\t\t\t\t<div class=\"col-lg-2 col-sm-3 col-sm-12\">\n\t\t\t\t\t\t\t\t<img decoding=\"async\" class=\"fadeIn\" src=\"https:\/\/www.halifax-consulting.com\/splat\/wp-content\/themes\/halifax\/library\/img\/halifax-consulting-benefits-icon.svg\" alt=\"icone benefices\" width=\"100%\" \/>\n\t\t\t\t\t\t\t<\/div>\n\t\t\t\t\t\t\t<div class=\"col-lg-10 col-sm-9 col-sm-12 fadeIn\">\n\t\t\t\t\t\t\t\t<h3 class=\"benef-title\">Ventas efectivas<\/h3>\n\t\t\t\t\t\t\t\t<p class=\"benef-content\">Nos aseguramos de que las soluciones que desarrollamos e implementamos le brinden los resultados que necesita. Los resultados son la \u00fanica m\u00e9trica por la que evaluamos nuestro desempe\u00f1o. Estos resultados pueden ser medidos en diversas formas, utilizando indicadores tales como: Pedidos recibidos, margen, tasa de \u00e9xito, tama\u00f1o y calidad de la prospecci\u00f3n, y satisfacci\u00f3n del cliente.<br>\n\t\t\t\t\t\t\t\t\t\t\t\t\t\t\t\t\t<\/p>\n\t\t\t\t\t\t\t<\/div>\n\t\t\t\t\t\t<\/div>\n\t\t\t\t\t<\/div>\n\t\t\t\t\t\n\t\t\t\t\t\t\n\t\t\t\t\t\n\t\t\t\t\t<div class=\"col-lg-6 col-md-6 col-sm-12 mb-4\">\n\t\t\t\t\t\t<div class=\"row\">\n\t\t\t\t\t\t\t<div class=\"col-lg-2 col-sm-3 col-sm-12\">\n\t\t\t\t\t\t\t\t<img decoding=\"async\" class=\"fadeIn\" src=\"https:\/\/www.halifax-consulting.com\/splat\/wp-content\/themes\/halifax\/library\/img\/halifax-consulting-benefits-icon.svg\" alt=\"icone benefices\" width=\"100%\" \/>\n\t\t\t\t\t\t\t<\/div>\n\t\t\t\t\t\t\t<div class=\"col-lg-10 col-sm-9 col-sm-12 fadeIn\">\n\t\t\t\t\t\t\t\t<h3 class=\"benef-title\">La medida perfecta<\/h3>\n\t\t\t\t\t\t\t\t<p class=\"benef-content\">No nos enfocamos en soluciones gen\u00e9ricas, basadas en escenarios et\u00e9reos o ideales para la venta. Por el contrario, nos basamos en nuestra experiencia de primera l\u00ednea, conocimiento y metodolog\u00eda s\u00f3lida para perfeccionar en diferentes aspectos del trabajo, coordinando con usted para dar forma a una organizaci\u00f3n efectiva y simple, en l\u00ednea con su estrategia de negocio y cultura corporativa.<br>\n\t\t\t\t\t\t\t\t\t\t\t\t\t\t\t\t\t<\/p>\n\t\t\t\t\t\t\t<\/div>\n\t\t\t\t\t\t<\/div>\n\t\t\t\t\t<\/div>\n\t\t\t\t\t\n\t\t\t\t\t\t\t\t\n\t\t<\/div>\n\t<\/div>\n<\/section>\n\n<section class=\"block_texte_cta\">\n\t<div class=\"container\">\n\t\t<div class=\"row\">\n\t\t\n\t\t\t<div class=\"col-lg-6 col-md-6 col-sm-12 block_texte_cta--contenu\">\n\t\t\t\t\n\t\t\t\tDescubra nuestra soluci\u00f3n VENTURI, una plataforma completa que concentra la energ\u00eda de sus equipos de ventas mediante una gesti\u00f3n estrat\u00e9gica de clientes \u00f3ptima y estructurada.\t\t\t\t\n\t\t\t<\/div>\n\t\t\t<div class=\"col-lg-6 col-md-6 col-sm-12 block_texte_cta--bouton\">\n\t\t\t\t\n\t\t\t\t<a class=\"btn\" href=\"https:\/\/www.halifax-consulting.com\/splat\/consultoria\/diagnostico-de-su-organizacion-comercial-y-segmentacion-de-su-cartera-de-clientes\/\" title=\"Saber m\u00e1s\">Saber m\u00e1s<\/a>\n\t\t\t\t\n\t\t\t<\/div>\n\t\t\n\t\t<\/div>\n\t<\/div>\n\t\n<\/section>\n\n<section class=\"success-single grey\">\n\t<div class=\"container-fluid\">\n\t\t<div class=\"row\">\n\t\t\t\t\t\t\t \n\t\t\t\t\t\t\t\t\t\t\n\t\t\t\t\t\t\t\t\t\t<div class=\"col-lg-7 col-md-6 col-sm-12 p-6\">\n\t\t\t\t\t\t<div>\n\t\t\t\t\t\t\t<h3>Historias de \u00c9xito: Renault-Nissan-Mitsubishi<\/h3>\n\t\t\t\t\t\t\t<p>Renault-Nissan buscaba apoyar el crecimiento de las ventas B2B dentro del grupo, especialmente con cuentas clave, las cuales son manejadas por equipos de venta de flota dedicados.<\/p>\n\t\t\t\t\t\t\t<p>\n\t\t\t\t\t\t\t\t<a href=\"https:\/\/www.halifax-consulting.com\/splat\/historias-exito\/renault-nissan-mitsubishi\/\" class=\"btn btn-hx btn-hx-ducky\">Siga leyendo<\/a>\n\t\t\t\t\t\t\t<\/p>\n\t\t\t\t\t\t<\/div>\n\t\t\t\t\t<\/div>\n\t\t\t\t\t<div class=\"col-lg-5 col-md-6 col-sm-12 p-0\">\n\t\t\t\t\t\t\t<figure class=\"\">\n<!-- \t\t\t\t\t\t\t\t<img decoding=\"async\" src=\"https:\/\/www.halifax-consulting.com\/splat\/wp-content\/uploads\/sites\/5\/2019\/12\/halifax-consulting-success-stories-renault.jpg\" alt=\"image success-story\" \/> -->\n\t\t\t\t\t\t\t\t<img decoding=\"async\" loading=\"lazy\" src=\"https:\/\/www.halifax-consulting.com\/splat\/wp-content\/uploads\/sites\/5\/2019\/12\/halifax-consulting-success-stories-renault.jpg\" alt=\"Auto Renault Nissan Mitsubishi, cliente de Halifax Consulting, especialista en formaci\u00f3n en t\u00e9cnicas de venta, negociaci\u00f3n y gesti\u00f3n de cuentas clave\" width=\"100%\" height=\"\" >\t\t\t\t\t\t\t<\/figure>\n\t\t\t\t\t<\/div>\n\t\t\t\t\t\t\t\t\t<\/div>\n\t<\/div>\n<\/section>\n","protected":false},"excerpt":{"rendered":"<p>Ejecute con eficacia antes de entrenar y administrar<\/p>\n","protected":false},"author":1,"featured_media":4428,"parent":543,"menu_order":0,"comment_status":"closed","ping_status":"closed","template":"","meta":[],"categories":[2],"acf":[],"yoast_head":"<!-- This site is optimized with the Yoast SEO plugin v19.9 - https:\/\/yoast.com\/wordpress\/plugins\/seo\/ -->\n<title>Optimizaci\u00f3n en el rendimiento de ventas - Halifax Consulting<\/title>\n<meta name=\"description\" content=\"Nuestros consultores cuentan con una amplia experiencia operativa y le proporcionar\u00e1n un soporte directo, espec\u00edfico y estructurado...\" \/>\n<link rel=\"canonical\" href=\"https:\/\/www.halifax-consulting.com\/splat\/consultoria\/optimizacion-rendimiento-ventas\/\" \/>\n<meta property=\"og:locale\" content=\"es_ES\" \/>\n<meta property=\"og:type\" content=\"article\" \/>\n<meta property=\"og:title\" content=\"Optimizaci\u00f3n en el rendimiento de ventas - Halifax Consulting\" \/>\n<meta property=\"og:description\" content=\"Nuestros consultores cuentan con una amplia experiencia operativa y le proporcionar\u00e1n un soporte directo, espec\u00edfico y estructurado...\" \/>\n<meta property=\"og:url\" content=\"https:\/\/www.halifax-consulting.com\/splat\/consultoria\/optimizacion-rendimiento-ventas\/\" \/>\n<meta property=\"og:site_name\" content=\"Halifax Consulting \u2013 LATAM\" \/>\n<meta property=\"article:modified_time\" content=\"2025-05-21T09:35:09+00:00\" \/>\n<meta property=\"og:image\" content=\"https:\/\/www.halifax-consulting.com\/splat\/wp-content\/uploads\/sites\/5\/2024\/04\/Conseil-organisation-commerciale-IA.png\" \/>\n\t<meta property=\"og:image:width\" content=\"2500\" \/>\n\t<meta property=\"og:image:height\" content=\"400\" \/>\n\t<meta property=\"og:image:type\" content=\"image\/png\" \/>\n<meta name=\"twitter:card\" content=\"summary_large_image\" \/>\n<script type=\"application\/ld+json\" class=\"yoast-schema-graph\">{\"@context\":\"https:\/\/schema.org\",\"@graph\":[{\"@type\":\"WebPage\",\"@id\":\"https:\/\/www.halifax-consulting.com\/splat\/consultoria\/optimizacion-rendimiento-ventas\/\",\"url\":\"https:\/\/www.halifax-consulting.com\/splat\/consultoria\/optimizacion-rendimiento-ventas\/\",\"name\":\"Optimizaci\u00f3n en el rendimiento de ventas - Halifax Consulting\",\"isPartOf\":{\"@id\":\"https:\/\/www.halifax-consulting.com\/splat\/#website\"},\"datePublished\":\"2019-12-30T16:55:19+00:00\",\"dateModified\":\"2025-05-21T09:35:09+00:00\",\"description\":\"Nuestros consultores cuentan con una amplia experiencia operativa y le proporcionar\u00e1n un soporte directo, espec\u00edfico y estructurado...\",\"breadcrumb\":{\"@id\":\"https:\/\/www.halifax-consulting.com\/splat\/consultoria\/optimizacion-rendimiento-ventas\/#breadcrumb\"},\"inLanguage\":\"es-AR\",\"potentialAction\":[{\"@type\":\"ReadAction\",\"target\":[\"https:\/\/www.halifax-consulting.com\/splat\/consultoria\/optimizacion-rendimiento-ventas\/\"]}]},{\"@type\":\"BreadcrumbList\",\"@id\":\"https:\/\/www.halifax-consulting.com\/splat\/consultoria\/optimizacion-rendimiento-ventas\/#breadcrumb\",\"itemListElement\":[{\"@type\":\"ListItem\",\"position\":1,\"name\":\"Accueil\",\"item\":\"https:\/\/www.halifax-consulting.com\/splat\/\"},{\"@type\":\"ListItem\",\"position\":2,\"name\":\"Consultor\u00eda\",\"item\":\"https:\/\/www.halifax-consulting.com\/splat\/consultoria\/\"},{\"@type\":\"ListItem\",\"position\":3,\"name\":\"Consultor\u00eda de organizaci\u00f3n comercial e IA en ventas\"}]},{\"@type\":\"WebSite\",\"@id\":\"https:\/\/www.halifax-consulting.com\/splat\/#website\",\"url\":\"https:\/\/www.halifax-consulting.com\/splat\/\",\"name\":\"Halifax Consulting \u2013 LATAM\",\"description\":\"Halifax Consulting est un cabinet de conseil en performance commerciale sp\u00e9cialis\u00e9 dans la formation des \u00e9quipes et managers\",\"potentialAction\":[{\"@type\":\"SearchAction\",\"target\":{\"@type\":\"EntryPoint\",\"urlTemplate\":\"https:\/\/www.halifax-consulting.com\/splat\/?s={search_term_string}\"},\"query-input\":\"required name=search_term_string\"}],\"inLanguage\":\"es-AR\"}]}<\/script>\n<!-- \/ Yoast SEO plugin. -->","yoast_head_json":{"title":"Optimizaci\u00f3n en el rendimiento de ventas - Halifax Consulting","description":"Nuestros consultores cuentan con una amplia experiencia operativa y le proporcionar\u00e1n un soporte directo, espec\u00edfico y estructurado...","canonical":"https:\/\/www.halifax-consulting.com\/splat\/consultoria\/optimizacion-rendimiento-ventas\/","og_locale":"es_ES","og_type":"article","og_title":"Optimizaci\u00f3n en el rendimiento de ventas - Halifax Consulting","og_description":"Nuestros consultores cuentan con una amplia experiencia operativa y le proporcionar\u00e1n un soporte directo, espec\u00edfico y estructurado...","og_url":"https:\/\/www.halifax-consulting.com\/splat\/consultoria\/optimizacion-rendimiento-ventas\/","og_site_name":"Halifax Consulting \u2013 LATAM","article_modified_time":"2025-05-21T09:35:09+00:00","og_image":[{"width":2500,"height":400,"url":"https:\/\/www.halifax-consulting.com\/splat\/wp-content\/uploads\/sites\/5\/2024\/04\/Conseil-organisation-commerciale-IA.png","type":"image\/png"}],"twitter_card":"summary_large_image","schema":{"@context":"https:\/\/schema.org","@graph":[{"@type":"WebPage","@id":"https:\/\/www.halifax-consulting.com\/splat\/consultoria\/optimizacion-rendimiento-ventas\/","url":"https:\/\/www.halifax-consulting.com\/splat\/consultoria\/optimizacion-rendimiento-ventas\/","name":"Optimizaci\u00f3n en el rendimiento de ventas - Halifax Consulting","isPartOf":{"@id":"https:\/\/www.halifax-consulting.com\/splat\/#website"},"datePublished":"2019-12-30T16:55:19+00:00","dateModified":"2025-05-21T09:35:09+00:00","description":"Nuestros consultores cuentan con una amplia experiencia operativa y le proporcionar\u00e1n un soporte directo, espec\u00edfico y estructurado...","breadcrumb":{"@id":"https:\/\/www.halifax-consulting.com\/splat\/consultoria\/optimizacion-rendimiento-ventas\/#breadcrumb"},"inLanguage":"es-AR","potentialAction":[{"@type":"ReadAction","target":["https:\/\/www.halifax-consulting.com\/splat\/consultoria\/optimizacion-rendimiento-ventas\/"]}]},{"@type":"BreadcrumbList","@id":"https:\/\/www.halifax-consulting.com\/splat\/consultoria\/optimizacion-rendimiento-ventas\/#breadcrumb","itemListElement":[{"@type":"ListItem","position":1,"name":"Accueil","item":"https:\/\/www.halifax-consulting.com\/splat\/"},{"@type":"ListItem","position":2,"name":"Consultor\u00eda","item":"https:\/\/www.halifax-consulting.com\/splat\/consultoria\/"},{"@type":"ListItem","position":3,"name":"Consultor\u00eda de organizaci\u00f3n comercial e IA en ventas"}]},{"@type":"WebSite","@id":"https:\/\/www.halifax-consulting.com\/splat\/#website","url":"https:\/\/www.halifax-consulting.com\/splat\/","name":"Halifax Consulting \u2013 LATAM","description":"Halifax Consulting est un cabinet de conseil en performance commerciale sp\u00e9cialis\u00e9 dans la formation des \u00e9quipes et managers","potentialAction":[{"@type":"SearchAction","target":{"@type":"EntryPoint","urlTemplate":"https:\/\/www.halifax-consulting.com\/splat\/?s={search_term_string}"},"query-input":"required name=search_term_string"}],"inLanguage":"es-AR"}]}},"_links":{"self":[{"href":"https:\/\/www.halifax-consulting.com\/splat\/wp-json\/wp\/v2\/pages\/183"}],"collection":[{"href":"https:\/\/www.halifax-consulting.com\/splat\/wp-json\/wp\/v2\/pages"}],"about":[{"href":"https:\/\/www.halifax-consulting.com\/splat\/wp-json\/wp\/v2\/types\/page"}],"author":[{"embeddable":true,"href":"https:\/\/www.halifax-consulting.com\/splat\/wp-json\/wp\/v2\/users\/1"}],"replies":[{"embeddable":true,"href":"https:\/\/www.halifax-consulting.com\/splat\/wp-json\/wp\/v2\/comments?post=183"}],"version-history":[{"count":28,"href":"https:\/\/www.halifax-consulting.com\/splat\/wp-json\/wp\/v2\/pages\/183\/revisions"}],"predecessor-version":[{"id":5094,"href":"https:\/\/www.halifax-consulting.com\/splat\/wp-json\/wp\/v2\/pages\/183\/revisions\/5094"}],"up":[{"embeddable":true,"href":"https:\/\/www.halifax-consulting.com\/splat\/wp-json\/wp\/v2\/pages\/543"}],"wp:featuredmedia":[{"embeddable":true,"href":"https:\/\/www.halifax-consulting.com\/splat\/wp-json\/wp\/v2\/media\/4428"}],"wp:attachment":[{"href":"https:\/\/www.halifax-consulting.com\/splat\/wp-json\/wp\/v2\/media?parent=183"}],"wp:term":[{"taxonomy":"category","embeddable":true,"href":"https:\/\/www.halifax-consulting.com\/splat\/wp-json\/wp\/v2\/categories?post=183"}],"curies":[{"name":"wp","href":"https:\/\/api.w.org\/{rel}","templated":true}]}}